{"id":124,"date":"2010-01-24T11:02:58","date_gmt":"2010-01-24T10:02:58","guid":{"rendered":"http:\/\/aeroclub-creil.org\/?page_id=124"},"modified":"2010-01-24T11:02:58","modified_gmt":"2010-01-24T10:02:58","slug":"espace-membres","status":"publish","type":"page","link":"https:\/\/aeroclubduvalois.fr\/index.php\/espace-membres\/","title":{"rendered":"Connexion membres"},"content":{"rendered":"\n<p>Page de Connexion\/D\u00e9connexion pour les membres du club.<\/p>\n\n\n\n<p>Apr\u00e8s la connexion, vous aurez acc\u00e8s \u00e0 la documentation &#8220;Membres&#8221; via le menu de gauche.<\/p>\n\n\n\n<ul class=\"wp-block-list\"><li>Identifiant : &#8220;adresse du club&#8221;<\/li><li>Mot de passe : &#8220;code de la porte&#8221; (en majuscules)<\/li><\/ul>\n\n\n\n<p>[wp_login_form]<\/p>\n","protected":false},"excerpt":{"rendered":"<p>Page de Connexion\/D\u00e9connexion pour les membres du club. Apr\u00e8s la connexion, vous aurez acc\u00e8s \u00e0 la documentation &#8220;Membres&#8221; via le menu de gauche. Identifiant : &#8220;adresse du club&#8221; Mot de &hellip; <\/p>\n<p class=\"link-more\"><a href=\"https:\/\/aeroclubduvalois.fr\/index.php\/espace-membres\/\" class=\"more-link\">Lire la suite de<span class=\"screen-reader-text\">\u00ab\u00a0Connexion membres\u00a0\u00bb<\/span><\/a><\/p>\n","protected":false},"author":1,"featured_media":0,"parent":0,"menu_order":0,"comment_status":"closed","ping_status":"closed","template":"","meta":{"inspiro_hide_title":false,"footnotes":""},"class_list":["post-124","page","type-page","status-publish","hentry"],"_links":{"self":[{"href":"https:\/\/aeroclubduvalois.fr\/index.php\/wp-json\/wp\/v2\/pages\/124","targetHints":{"allow":["GET"]}}],"collection":[{"href":"https:\/\/aeroclubduvalois.fr\/index.php\/wp-json\/wp\/v2\/pages"}],"about":[{"href":"https:\/\/aeroclubduvalois.fr\/index.php\/wp-json\/wp\/v2\/types\/page"}],"author":[{"embeddable":true,"href":"https:\/\/aeroclubduvalois.fr\/index.php\/wp-json\/wp\/v2\/users\/1"}],"replies":[{"embeddable":true,"href":"https:\/\/aeroclubduvalois.fr\/index.php\/wp-json\/wp\/v2\/comments?post=124"}],"version-history":[{"count":0,"href":"https:\/\/aeroclubduvalois.fr\/index.php\/wp-json\/wp\/v2\/pages\/124\/revisions"}],"wp:attachment":[{"href":"https:\/\/aeroclubduvalois.fr\/index.php\/wp-json\/wp\/v2\/media?parent=124"}],"curies":[{"name":"wp","href":"https:\/\/api.w.org\/{rel}","templated":true}]}}