{"id":101,"date":"2010-01-23T22:32:37","date_gmt":"2010-01-23T21:32:37","guid":{"rendered":"http:\/\/aeroclub-creil.org\/?page_id=101"},"modified":"2010-01-23T22:32:37","modified_gmt":"2010-01-23T21:32:37","slug":"examen-ppl-pratique","status":"publish","type":"page","link":"https:\/\/aeroclubduvalois.fr\/index.php\/about\/les-titres\/la-licence-de-pilote-prive-avion-ppla\/examen-ppl-pratique\/","title":{"rendered":"Examen PPL pratique"},"content":{"rendered":"<p>L&#8217;examen en vol (environ deux heures) se d\u00e9roule sous la forme d&#8217;un voyage a\u00e9rien o\u00f9 le candidat doit d\u00e9montrer sa capacit\u00e9 de commandant de bord : piloter, naviguer, connaissance des r\u00e8gles a\u00e9riennes, etc.<\/p>\n","protected":false},"excerpt":{"rendered":"<p>L&#8217;examen en vol (environ deux heures) se d\u00e9roule sous la forme d&#8217;un voyage a\u00e9rien o\u00f9 le candidat doit d\u00e9montrer sa capacit\u00e9 de commandant de bord : piloter, naviguer, connaissance des &hellip; <\/p>\n<p class=\"link-more\"><a href=\"https:\/\/aeroclubduvalois.fr\/index.php\/about\/les-titres\/la-licence-de-pilote-prive-avion-ppla\/examen-ppl-pratique\/\" class=\"more-link\">Lire la suite de<span class=\"screen-reader-text\">\u00ab\u00a0Examen PPL pratique\u00a0\u00bb<\/span><\/a><\/p>\n","protected":false},"author":1,"featured_media":0,"parent":67,"menu_order":0,"comment_status":"closed","ping_status":"closed","template":"","meta":{"inspiro_hide_title":false,"footnotes":""},"class_list":["post-101","page","type-page","status-publish","hentry"],"_links":{"self":[{"href":"https:\/\/aeroclubduvalois.fr\/index.php\/wp-json\/wp\/v2\/pages\/101","targetHints":{"allow":["GET"]}}],"collection":[{"href":"https:\/\/aeroclubduvalois.fr\/index.php\/wp-json\/wp\/v2\/pages"}],"about":[{"href":"https:\/\/aeroclubduvalois.fr\/index.php\/wp-json\/wp\/v2\/types\/page"}],"author":[{"embeddable":true,"href":"https:\/\/aeroclubduvalois.fr\/index.php\/wp-json\/wp\/v2\/users\/1"}],"replies":[{"embeddable":true,"href":"https:\/\/aeroclubduvalois.fr\/index.php\/wp-json\/wp\/v2\/comments?post=101"}],"version-history":[{"count":0,"href":"https:\/\/aeroclubduvalois.fr\/index.php\/wp-json\/wp\/v2\/pages\/101\/revisions"}],"up":[{"embeddable":true,"href":"https:\/\/aeroclubduvalois.fr\/index.php\/wp-json\/wp\/v2\/pages\/67"}],"wp:attachment":[{"href":"https:\/\/aeroclubduvalois.fr\/index.php\/wp-json\/wp\/v2\/media?parent=101"}],"curies":[{"name":"wp","href":"https:\/\/api.w.org\/{rel}","templated":true}]}}